{"id":13539,"date":"2023-02-12T18:27:51","date_gmt":"2023-02-12T17:27:51","guid":{"rendered":"https:\/\/parrocchiasanminiato.com\/?page_id=13539"},"modified":"2025-04-20T16:11:58","modified_gmt":"2025-04-20T14:11:58","slug":"contatta-la-parrocchia-del-corpus-domini","status":"publish","type":"page","link":"https:\/\/parrocchiasanminiato.com\/?page_id=13539","title":{"rendered":"CONTATTA LA CARITAS"},"content":{"rendered":"\n<div class=\"wp-block-group alignfull has-text-color has-background has-link-color wp-elements-7d27328b761ad9f114597898b8e9ff86\" style=\"color:#222222;background-color:#e6e6e6;margin-top:0px;margin-bottom:0px;padding-top:7vw;padding-bottom:7vw\"><div class=\"wp-block-group__inner-container is-layout-constrained wp-block-group-is-layout-constrained\">\n<div class=\"wp-block-columns alignwide is-layout-flex wp-container-core-columns-is-layout-8f761849 wp-block-columns-is-layout-flex\">\n<div class=\"wp-block-column is-layout-flow wp-block-column-is-layout-flow\" style=\"flex-basis:60%\">\n<h3 class=\"wp-block-heading has-x-large-font-size\" style=\"margin-top:0px;margin-right:0px;margin-bottom:0px;margin-left:0px\"><strong>Contatta<\/strong> la Caritas<\/h3>\n<\/div>\n<\/div>\n\n\n\n<div class=\"wp-block-columns alignwide has-light-green-cyan-background-color has-background is-layout-flex wp-container-core-columns-is-layout-ebb87cbd wp-block-columns-is-layout-flex\">\n<div class=\"wp-block-column is-layout-flow wp-block-column-is-layout-flow\" style=\"flex-basis:60%\">\n<p class=\"wp-block-paragraph\" style=\"font-size:20px\">Non esitare a raggiungerci tramite le informazioni di contatto riportate di seguito o inviarci un messaggio utilizzando il modulo.<\/p>\n\n\n<div class=\"wp-block-jetpack-contact-form is-layout-flex wp-container-jetpack-contact-form-is-layout-7f6ac06e wp-block-jetpack-contact-form-is-layout-flex\"><a href=\"https:\/\/parrocchiasanminiato.com\/?page_id=13539\" target=\"_blank\" rel=\"noopener noreferrer\">Invia un modulo.<\/a><\/div><\/div>\n\n\n\n<div class=\"wp-block-column is-layout-flow wp-block-column-is-layout-flow\" style=\"flex-basis:40%\">\n<p class=\"wp-block-paragraph\" style=\"font-size:20px\">Via A.Moro n.4<br>Siena, SI 53100, Italia<\/p>\n\n\n\n<p class=\"wp-block-paragraph\">sanminiatoscotte@gmail.com<br>Parrocchia (0577) 330163<br>Parroco cell- 333 7850559<br>Caritas cell. 334 1559982 (Wattsapp)<\/p>\n\n\n\n<p class=\"wp-block-paragraph\">La Caritas \u00e8 aperta:<br>&#8211; Per pacco viveri: il Mercoled\u00ec il Gioved\u00ec mattina dalle ore 10,00 alle ore 12,00-<br>Il Gioved\u00ec pomeriggio dalle ore 16,00 alle ore 18,00.<br>Per prendere i vestiti: il Marted\u00ec e Venerd\u00ec dalle ore 15,00 alle ore 17,00<br>(Previa prenotazione con wattsapp cell. 3388676864 &#8211; Laura)<\/p>\n\n\n\n<div class=\"wp-block-columns is-layout-flex wp-container-core-columns-is-layout-8f761849 wp-block-columns-is-layout-flex\">\n<div class=\"wp-block-column is-layout-flow wp-block-column-is-layout-flow\" style=\"flex-basis:100%\"><dl class=\"jetpack-business-hours wp-block-jetpack-business-hours\"><div class=\"jetpack-business-hours__item\"><dt class=\"Mon\">Luned\u00ec<\/dt><dd class=\"Mon\">Chiuso<\/dd><\/div><div class=\"jetpack-business-hours__item\"><dt class=\"Tue\">Marted\u00ec<\/dt><dd class=\"Tue\">3:00 pm &#8211; 5:00 pm<\/dd><\/div><div class=\"jetpack-business-hours__item\"><dt class=\"Wed\">Mercoled\u00ec<\/dt><dd class=\"Wed\">8:30 am &#8211; 12:00 pm<\/dd><\/div><div class=\"jetpack-business-hours__item\"><dt class=\"Thu\">Gioved\u00ec<\/dt><dd class=\"Thu\">8:30 am &#8211; 12:00 pm<\/dd><\/div><div class=\"jetpack-business-hours__item\"><dt class=\"Fri\">Venerd\u00ec<\/dt><dd class=\"Fri\">3:00 pm &#8211; 5:00 pm<\/dd><\/div><div class=\"jetpack-business-hours__item\"><dt class=\"Sat\">Sabato<\/dt><dd class=\"Sat\">Chiuso<\/dd><\/div><div class=\"jetpack-business-hours__item\"><dt class=\"Sun\">Domenica<\/dt><dd class=\"Sun\">Chiuso<\/dd><\/div><\/dl><\/div>\n<\/div>\n<\/div>\n<\/div>\n<\/div><\/div>\n","protected":false},"excerpt":{"rendered":"<p>Contatta la Caritas Non esitare a raggiungerci tramite le informazioni di contatto riportate di seguito o inviarci un messaggio utilizzando il modulo. Via A.Moro n.4Siena, SI 53100, Italia sanminiatoscotte@gmail.comParrocchia (0577) 330163Parroco cell- 333 7850559Caritas cell. 334 1559982 (Wattsapp) La Caritas \u00e8 aperta:&#8211; Per pacco viveri: il Mercoled\u00ec il Gioved\u00ec mattina dalle ore 10,00 alle ore [&hellip;]<\/p>\n","protected":false},"author":132607687,"featured_media":17425,"parent":0,"menu_order":0,"comment_status":"closed","ping_status":"closed","template":"","meta":{"_coblocks_attr":"","_coblocks_dimensions":"","_coblocks_responsive_height":"","_coblocks_accordion_ie_support":"","_crdt_document":"","advgb_blocks_editor_width":"","advgb_blocks_columns_visual_guide":"","advanced_seo_description":"","jetpack_seo_html_title":"","jetpack_seo_noindex":false,"footnotes":""},"tags":[],"class_list":["post-13539","page","type-page","status-publish","has-post-thumbnail","hentry"],"coauthors":[],"author_meta":{"author_link":"https:\/\/parrocchiasanminiato.com\/?author=132607687","display_name":"\"Parrocchia del Corpus Domini\""},"relative_dates":{"created":"Pubblicato 3 anni fa","modified":"Aggiornato 1 anno fa"},"absolute_dates":{"created":"Pubblicato il Febbraio 12, 2023","modified":"Aggiornato il Aprile 20, 2025"},"absolute_dates_time":{"created":"Pubblicato il Febbraio 12, 2023 6:27 pm","modified":"Aggiornato il Aprile 20, 2025 4:11 pm"},"featured_img_caption":"","featured_img":"https:\/\/parrocchiasanminiato.com\/wp-content\/uploads\/2025\/04\/Logo.png","series_order":"","jetpack_likes_enabled":false,"jetpack_sharing_enabled":true,"jetpack_shortlink":"https:\/\/wp.me\/P9vesa-3wn","amp_enabled":true,"_links":{"self":[{"href":"https:\/\/parrocchiasanminiato.com\/index.php?rest_route=\/wp\/v2\/pages\/13539","targetHints":{"allow":["GET"]}}],"collection":[{"href":"https:\/\/parrocchiasanminiato.com\/index.php?rest_route=\/wp\/v2\/pages"}],"about":[{"href":"https:\/\/parrocchiasanminiato.com\/index.php?rest_route=\/wp\/v2\/types\/page"}],"author":[{"embeddable":true,"href":"https:\/\/parrocchiasanminiato.com\/index.php?rest_route=\/wp\/v2\/users\/132607687"}],"replies":[{"embeddable":true,"href":"https:\/\/parrocchiasanminiato.com\/index.php?rest_route=%2Fwp%2Fv2%2Fcomments&post=13539"}],"version-history":[{"count":13,"href":"https:\/\/parrocchiasanminiato.com\/index.php?rest_route=\/wp\/v2\/pages\/13539\/revisions"}],"predecessor-version":[{"id":17426,"href":"https:\/\/parrocchiasanminiato.com\/index.php?rest_route=\/wp\/v2\/pages\/13539\/revisions\/17426"}],"wp:featuredmedia":[{"embeddable":true,"href":"https:\/\/parrocchiasanminiato.com\/index.php?rest_route=\/wp\/v2\/media\/17425"}],"wp:attachment":[{"href":"https:\/\/parrocchiasanminiato.com\/index.php?rest_route=%2Fwp%2Fv2%2Fmedia&parent=13539"}],"wp:term":[{"taxonomy":"post_tag","embeddable":true,"href":"https:\/\/parrocchiasanminiato.com\/index.php?rest_route=%2Fwp%2Fv2%2Ftags&post=13539"}],"curies":[{"name":"wp","href":"https:\/\/api.w.org\/{rel}","templated":true}]}}